 773608 is divided by 235.
223
Calculate the remainder when 184714 is divided by 9495.
4309
What is the remainder when 296527 is divided by 74130?
7
Calculate the remainder when 9176238 is divided by 409.
323
Calculate the remainder when 118447 is divided by 1343.
263
What is the remainder when 5782833 is divided by 1338?
1335
Calculate the remainder when 1208159 is divided by 10.
9
What is the remainder when 10902550 is divided by 99114?
10
Calculate the remainder when 2672880 is divided by 281.
8
What is the remainder when 307957 is divided by 827?
313
What is the remainder when 103995027 is divided by 470?
7
Calculate the remainder when 116749 is divided by 642.
547
Calculate the remainder when 6101782 is divided by 2994.
10
Calculate the remainder when 272685 is divided by 90860.
105
Calculate the remainder when 5723604 is divided by 375.
354
What is the remainder when 56299 is divided by 21?
19
What is the remainder when 137195 is divided by 10553?
6
What is the remainder when 2318494 is divided by 31755?
379
Calculate the remainder when 1524481 is divided by 2055.
1726
What is the remainder when 96217 is divided by 19227?
82
What is the remainder when 131740 is divided by 14635?
25
Calculate the remainder when 330742 is divided by 8502.
7666
What is the remainder when 3860240 is divided by 491?
489
What is the remainder when 41125 is divided by 41117?
8
Calculate the remainder when 36049540 is divided by 18024763.
14
What is the remainder when 34975936 is divided by 3052?
16
What is the remainder when 3626 is divided by 1570?
486
Calculate the remainder when 37062339 is divided by 10210.
39
What is the remainder when 41712146 is divided by 558?
530
What is the remainder when 115725 is divided by 370?
285
Calculate the remainder when 148137993 is divided by 21162570.
3
Calculate the remainder when 806978 is divided by 642.
626
What is the remainder when 110971898 is divided by 10?
8
What is the remainder when 10895247 is divided by 17?
15
Calculate the remainder when 1265224 is divided by 632611.
2
What is the remainder when 579388 is divided by 1308?
1252
Calculate the remainder when 4977310 is divided by 373.
371
What is the remainder when 123195 is divided by 4232?
467
What is the remainder when 778478 is divided by 1393?
1184
What is the remainder when 42698128 is divided by 88?
0
Calculate the remainder when 22650980 is divided by 779.
776
Calculate the remainder when 67250 is divided by 352.
18
What is the remainder when 2349257 is divided by 151?
150
Calculate the remainder when 4719287 is divided by 9093.
20
Calculate the remainder when 14646629 is divided by 7258.
7243
Calculate the remainder when 2593224 is divided by 162074.
40
What is the remainder when 6003979 is divided by 162260?
359
Calculate the remainder when 143493 is divided by 317.
209
Calculate the remainder when 234319 is divided by 234301.
18
Calculate the remainder when 3878740 is divided by 130.
60
Calculate the remainder when 7512173 is divided by 7512126.
47
What is the remainder when 224674 is divided by 112272?
130
Calculate the remainder when 71202300 is divided by 4990.
4980
Calculate the remainder when 221577 is divided by 231.
48
What is the remainder when 320614 is divided by 14572?
30
What is the remainder when 179525 is divided by 13797?
164
What is the remainder when 45803 is divided by 3683?
1607
What is the remainder when 133625 is divided by 1096?
1009
What is the remainder when 2583780 is divided by 1624?
1620
Calculate the remainder when 299522 is divided by 49911.
56
Calculate the remainder when 27002986 is divided by 395.
391
What is the remainder when 910640549 is divided by 75?
74
Calculate the remainder when 16588174 is divided by 1508014.
20
Calculate the remainder when 14268 is divided by 1095.
33
Calculate the remainder when 1408987 is divided by 10670.
547
What is the remainder when 111431406 is divided by 1687?
1682
Calculate the remainder when 1640841 is divided by 194.
183
What is the remainder when 6272263 is divided by 5934?
25
What is the remainder when 36153 is divided by 1878?
471
What is the remainder when 95803 is divided by 1197?
43
Calculate the remainder when 13161385 is divided by 12.
1
Calculate the remainder when 29085097 is divided by 915.
907
Calculate the remainder when 27534 is divided by 26921.
613
What is the remainder when 308836 is divided by 1174?
74
What is the remainder when 1296964 is divided by 68256?
100
Calculate the remainder when 6559968 is divided by 53.
52
Calculate the remainder when 749361 is divided by 124735.
951
Calculate the remainder when 128267 is divided by 8352.
2987
Calculate the remainder when 56041570 is divided by 25.
20
What is the remainder when 34851 is divided by 2171?
115
Calculate the remainder when 73224543 is divided by 869.
865
Calculate the remainder when 198502 is divided by 146.
88
Calculate the remainder when 99286 is divided by 1168.
6
Calculate the remainder when 780479 is divided by 625.
479
Calculate the remainder when 5790750 is divided by 11.
9
What is the remainder when 339864 is divided by 339101?
763
Calculate the remainder when 68355 is divided by 17078.
43
Calculate the remainder when 6416 is divided by 2231.
1954
Calculate the remainder when 346898 is divided by 124.
70
Calculate the remainder when 4626474 is divided by 1156597.
86
What is the remainder when 152898 is divided by 13836?
702
Calculate the remainder when 502945 is divided by 251458.
29
What is the remainder when 5337861 is divided by 623?
620
What is the remainder when 112948735 is divided by 28?
11
Calculate the remainder when 1713286 is divided by 794.
628
What is the remainder when 70479288 is divided by 29?
8
What is the remainder when 519398673 is divided by 27?
24
What is the remainder when 21892512 is divided by 10946238?
36
Calculate the remainder when 35835036 is divided by 11945011.
3
What is the remainder when 390614182 is divided by 17?
14
What is the remainder when 9920374 is divided by 8994?
8986
What is the remainder when 2388 is divided by 1114?
160
Calculate the remainder when 5054553 is divided by 280.
273
Calculate the remainder when 30390252 is divided by 550.
2
Calculate the remainder when 91723880 is divided by 151.
138
What is the remainder when 34745 is divided by 4592?
2601
What is the remainder when 407751 is divided by 135911?
18
What is the remainder when 4222384 is divided by 166?
8
Calculate the remainder when 693060 is divided by 138593.
95
Calculate the remainder when 8574014 is divided by 952667.
11
Calculate the remainder when 184853819 is divided by 3677.
3675
What is the remainder when 2091043 is divided by 60?
43
What is the remainder when 323379 is divided by 2213?
281
Calculate the remainder when 1098079 is divided by 1551.
1522
What is the remainder when 79919976 is divided by 472?
464
What is the remainder when 9625183 is divided by 1074?
1069
What is the remainder when 266164 is divided by 61?
21
Calculate the remainder when 10482230 is divided by 332.
326
Calculate the remainder when 12668155 is divided by 17.
10
Calculate the remainder when 565335 is divided by 51387.
78
What is the remainder when 1610405 is divided by 64?
37
What is the remainder when 2239280 is divided by 422?
148
What is the remainder when 102381 is divided by 36?
33
Calculate the remainder when 3384253 is divided by 3383875.
378
What is the remainder when 103264 is divided by 17187?
142
What is the remainder when 49960 is divided by 5172?
3412
Calculate the remainder when 15621857 is divided by 1674.
89
Calculate the remainder when 17524768 is divided by 234.
40
Calculate the remainder when 17529 is divided by 5684.
477
What is the remainder when 380176 is divided by 17269?
258
Calculate the remainder when 82383 is divided by 26902.
1677
Calculate the remainder when 8759838 is divided by 2.
0
What is the remainder when 12051109 is divided by 33?
4
Calculate the remainder when 16098207 is divided by 16098203.
4
What is the remainder when 3108934 is divided by 16192?
70
Calculate the remainder when 1210321 is divided by 350.
21
Calculate the remainder when 11244533 is divided by 220.
113
What is the remainder when 4681859 is divided by 1894?
1785
What is the remainder when 8252136 is 